[INFO] cloning repository https://github.com/domodwyer/pmc-sys
[INFO] running `Command { std: "git" "-c" "credential.helper=" "-c" "credential.helper=/workspace/cargo-home/bin/git-credential-null" "clone" "--bare" "https://github.com/domodwyer/pmc-sys" "/workspace/cache/git-repos/https%3A%2F%2Fgithub.com%2Fdomodwyer%2Fpmc-sys", kill_on_drop: false }`
[INFO] [stderr] Cloning into bare repository '/workspace/cache/git-repos/https%3A%2F%2Fgithub.com%2Fdomodwyer%2Fpmc-sys'...
[INFO] running `Command { std: "git" "rev-parse" "HEAD", kill_on_drop: false }`
[INFO] [stdout] d1735807ab70f07b54a92948a49715bb000a46ad
[INFO] checking domodwyer/pmc-sys against try#72f88fc4e9458f89516a0b8b0868f3718aec5b47 for pr-74989
[INFO] running `Command { std: "git" "clone" "/workspace/cache/git-repos/https%3A%2F%2Fgithub.com%2Fdomodwyer%2Fpmc-sys" "/workspace/builds/worker-4/source", kill_on_drop: false }`
[INFO] [stderr] Cloning into '/workspace/builds/worker-4/source'...
[INFO] [stderr] done.
[INFO] validating manifest of git repo https://github.com/domodwyer/pmc-sys on toolchain 72f88fc4e9458f89516a0b8b0868f3718aec5b47
[INFO] running `Command { std: "/workspace/cargo-home/bin/cargo" "+72f88fc4e9458f89516a0b8b0868f3718aec5b47" "read-manifest" "--manifest-path" "Cargo.toml", kill_on_drop: false }`
[INFO] started tweaking git repo https://github.com/domodwyer/pmc-sys
[INFO] finished tweaking git repo https://github.com/domodwyer/pmc-sys
[INFO] tweaked toml for git repo https://github.com/domodwyer/pmc-sys written to /workspace/builds/worker-4/source/Cargo.toml
[INFO] crate git repo https://github.com/domodwyer/pmc-sys already has a lockfile, it will not be regenerated
[INFO] running `Command { std: "/workspace/cargo-home/bin/cargo" "+72f88fc4e9458f89516a0b8b0868f3718aec5b47" "fetch" "--locked" "--manifest-path" "Cargo.toml", kill_on_drop: false }`
[INFO] [stderr]  Downloading crates ...
[INFO] [stderr]   Downloaded libloading v0.6.3
[INFO] [stderr]   Downloaded clang-sys v1.0.0
[INFO] [stderr]   Downloaded bindgen v0.55.1
[INFO] running `Command { std: "docker" "create" "-v" "/var/lib/crater-agent-workspace/builds/worker-4/target:/opt/rustwide/target:rw,Z" "-v" "/var/lib/crater-agent-workspace/builds/worker-4/source:/opt/rustwide/workdir:ro,Z" "-v" "/var/lib/crater-agent-workspace/cargo-home:/opt/rustwide/cargo-home:ro,Z" "-v" "/var/lib/crater-agent-workspace/rustup-home:/opt/rustwide/rustup-home:ro,Z" "-e" "SOURCE_DIR=/opt/rustwide/workdir" "-e" "CARGO_TARGET_DIR=/opt/rustwide/target" "-e" "CARGO_HOME=/opt/rustwide/cargo-home" "-e" "RUSTUP_HOME=/opt/rustwide/rustup-home" "-w" "/opt/rustwide/workdir" "-m" "1610612736" "--user" "0:0" "--network" "none" "rustops/crates-build-env@sha256:d92eaeed33fa75130ca1ee6c8a01d1ffb62bac859dfdfb3450e3e5d1c0146529" "/opt/rustwide/cargo-home/bin/cargo" "+72f88fc4e9458f89516a0b8b0868f3718aec5b47" "metadata" "--no-deps" "--format-version=1", kill_on_drop: false }`
[INFO] [stdout] 8f7002da6c405a006fe364849d47c69485d3147cf54a46de9c018f2d0e79d003
[INFO] [stderr] WARNING: Your kernel does not support swap limit capabilities or the cgroup is not mounted. Memory limited without swap.
[INFO] running `Command { std: "docker" "start" "-a" "8f7002da6c405a006fe364849d47c69485d3147cf54a46de9c018f2d0e79d003", kill_on_drop: false }`
[INFO] running `Command { std: "docker" "inspect" "8f7002da6c405a006fe364849d47c69485d3147cf54a46de9c018f2d0e79d003", kill_on_drop: false }`
[INFO] running `Command { std: "docker" "rm" "-f" "8f7002da6c405a006fe364849d47c69485d3147cf54a46de9c018f2d0e79d003", kill_on_drop: false }`
[INFO] [stdout] 8f7002da6c405a006fe364849d47c69485d3147cf54a46de9c018f2d0e79d003
[INFO] running `Command { std: "docker" "create" "-v" "/var/lib/crater-agent-workspace/builds/worker-4/target:/opt/rustwide/target:rw,Z" "-v" "/var/lib/crater-agent-workspace/builds/worker-4/source:/opt/rustwide/workdir:ro,Z" "-v" "/var/lib/crater-agent-workspace/cargo-home:/opt/rustwide/cargo-home:ro,Z" "-v" "/var/lib/crater-agent-workspace/rustup-home:/opt/rustwide/rustup-home:ro,Z" "-e" "SOURCE_DIR=/opt/rustwide/workdir" "-e" "CARGO_TARGET_DIR=/opt/rustwide/target" "-e" "CARGO_INCREMENTAL=0" "-e" "RUST_BACKTRACE=full" "-e" "RUSTFLAGS=--cap-lints=forbid" "-e" "CARGO_HOME=/opt/rustwide/cargo-home" "-e" "RUSTUP_HOME=/opt/rustwide/rustup-home" "-w" "/opt/rustwide/workdir" "-m" "1610612736" "--user" "0:0" "--network" "none" "rustops/crates-build-env@sha256:d92eaeed33fa75130ca1ee6c8a01d1ffb62bac859dfdfb3450e3e5d1c0146529" "/opt/rustwide/cargo-home/bin/cargo" "+72f88fc4e9458f89516a0b8b0868f3718aec5b47" "check" "--frozen" "--all" "--all-targets" "--message-format=json", kill_on_drop: false }`
[INFO] [stderr] WARNING: Your kernel does not support swap limit capabilities or the cgroup is not mounted. Memory limited without swap.
[INFO] [stdout] 2e58ad0f8b3dc481509c8406bee10e360f14c62638f07dfc9e40c974089c6a61
[INFO] running `Command { std: "docker" "start" "-a" "2e58ad0f8b3dc481509c8406bee10e360f14c62638f07dfc9e40c974089c6a61", kill_on_drop: false }`
[INFO] [stderr]    Compiling libc v0.2.77
[INFO] [stderr]    Compiling memchr v2.3.3
[INFO] [stderr]    Compiling cfg-if v0.1.2
[INFO] [stderr]    Compiling glob v0.3.0
[INFO] [stderr]    Compiling lazy_static v1.0.0
[INFO] [stderr]    Compiling libloading v0.6.3
[INFO] [stderr]    Compiling proc-macro2 v1.0.10
[INFO] [stderr]    Compiling log v0.4.8
[INFO] [stderr]    Compiling regex-syntax v0.6.17
[INFO] [stderr]    Compiling quick-error v1.2.1
[INFO] [stderr]    Compiling strsim v0.7.0
[INFO] [stderr]    Compiling ansi_term v0.10.2
[INFO] [stderr]    Compiling vec_map v0.8.0
[INFO] [stderr]    Compiling termcolor v1.1.0
[INFO] [stderr]    Compiling bindgen v0.55.1
[INFO] [stderr]    Compiling shlex v0.1.1
[INFO] [stderr]    Compiling peeking_take_while v0.1.2
[INFO] [stderr]    Compiling lazycell v1.2.1
[INFO] [stderr]    Compiling rustc-hash v1.1.0
[INFO] [stderr]    Compiling nom v5.1.1
[INFO] [stderr]    Compiling textwrap v0.9.0
[INFO] [stderr]    Compiling thread_local v1.0.1
[INFO] [stderr]    Compiling humantime v1.3.0
[INFO] [stderr]    Compiling bitflags v1.2.1
[INFO] [stdout] error: cannot find macro `__cfg_if_items` in this scope
[INFO] [stdout]   --> /opt/rustwide/cargo-home/registry/src/github.com-1ecc6299db9ec823/libloading-0.6.3/src/os/unix/consts.rs:60:5
[INFO] [stdout]    |
[INFO] [stdout] 60 | /     cfg_if! {
[INFO] [stdout] 61 | |         if #[cfg(target_os = "haiku")] {
[INFO] [stdout] 62 | |             pub(super) const RTLD_LAZY: c_int = 0;
[INFO] [stdout] 63 | |         } else if #[cfg(any(
[INFO] [stdout] ...  |
[INFO] [stdout] 89 | |         }
[INFO] [stdout] 90 | |     }
[INFO] [stdout]    | |_____^
[INFO] [stdout]    |
[INFO] [stdout]    = note: this error originates in a macro (in Nightly builds, run with -Z macro-backtrace for more info)
[INFO] [stdout] 
[INFO] [stdout] 
[INFO] [stdout] error: cannot find macro `__cfg_if_items` in this scope
[INFO] [stdout]    --> /opt/rustwide/cargo-home/registry/src/github.com-1ecc6299db9ec823/libloading-0.6.3/src/os/unix/consts.rs:92:5
[INFO] [stdout]     |
[INFO] [stdout] 92  | /     cfg_if! {
[INFO] [stdout] 93  | |         if #[cfg(target_os = "haiku")] {
[INFO] [stdout] 94  | |             pub(super) const RTLD_NOW: c_int = 1;
[INFO] [stdout] 95  | |         } else if #[cfg(any(
[INFO] [stdout] ...   |
[INFO] [stdout] 123 | |         }
[INFO] [stdout] 124 | |     }
[INFO] [stdout]     | |_____^
[INFO] [stdout]     |
[INFO] [stdout]     = note: this error originates in a macro (in Nightly builds, run with -Z macro-backtrace for more info)
[INFO] [stdout] 
[INFO] [stdout] 
[INFO] [stdout] error: cannot find macro `__cfg_if_items` in this scope
[INFO] [stdout]    --> /opt/rustwide/cargo-home/registry/src/github.com-1ecc6299db9ec823/libloading-0.6.3/src/os/unix/consts.rs:126:5
[INFO] [stdout]     |
[INFO] [stdout] 126 | /     cfg_if! {
[INFO] [stdout] 127 | |         if #[cfg(any(
[INFO] [stdout] 128 | |             target_os = "haiku",
[INFO] [stdout] 129 | |             all(target_os = "android",target_pointer_width = "32"),
[INFO] [stdout] ...   |
[INFO] [stdout] 166 | |         }
[INFO] [stdout] 167 | |     }
[INFO] [stdout]     | |_____^
[INFO] [stdout]     |
[INFO] [stdout]     = note: this error originates in a macro (in Nightly builds, run with -Z macro-backtrace for more info)
[INFO] [stdout] 
[INFO] [stdout] 
[INFO] [stdout] error: cannot find macro `__cfg_if_items` in this scope
[INFO] [stdout]    --> /opt/rustwide/cargo-home/registry/src/github.com-1ecc6299db9ec823/libloading-0.6.3/src/os/unix/consts.rs:169:5
[INFO] [stdout]     |
[INFO] [stdout] 169 | /     cfg_if! {
[INFO] [stdout] 170 | |         if #[cfg(target_os = "netbsd")] {
[INFO] [stdout] 171 | |             pub(super) const RTLD_LOCAL: c_int = 0x200;
[INFO] [stdout] 172 | |         } else if #[cfg(any(
[INFO] [stdout] ...   |
[INFO] [stdout] 202 | |         }
[INFO] [stdout] 203 | |     }
[INFO] [stdout]     | |_____^
[INFO] [stdout]     |
[INFO] [stdout]     = note: this error originates in a macro (in Nightly builds, run with -Z macro-backtrace for more info)
[INFO] [stdout] 
[INFO] [stdout] 
[INFO] [stdout] error[E0425]: cannot find value `RTLD_LAZY` in module `posix`
[INFO] [stdout]   --> /opt/rustwide/cargo-home/registry/src/github.com-1ecc6299db9ec823/libloading-0.6.3/src/os/unix/consts.rs:15:37
[INFO] [stdout]    |
[INFO] [stdout] 15 | pub const RTLD_LAZY: c_int = posix::RTLD_LAZY;
[INFO] [stdout]    |                                     ^^^^^^^^^ not found in `posix`
[INFO] [stdout]    |
[INFO] [stdout] help: consider importing this constant
[INFO] [stdout]    |
[INFO] [stdout] 1  | use imp::RTLD_LAZY;
[INFO] [stdout]    |
[INFO] [stdout] 
[INFO] [stdout] 
[INFO] [stdout] error[E0425]: cannot find value `RTLD_NOW` in module `posix`
[INFO] [stdout]   --> /opt/rustwide/cargo-home/registry/src/github.com-1ecc6299db9ec823/libloading-0.6.3/src/os/unix/consts.rs:28:36
[INFO] [stdout]    |
[INFO] [stdout] 28 | pub const RTLD_NOW: c_int = posix::RTLD_NOW;
[INFO] [stdout]    |                                    ^^^^^^^^ not found in `posix`
[INFO] [stdout]    |
[INFO] [stdout] help: consider importing this constant
[INFO] [stdout]    |
[INFO] [stdout] 1  | use imp::RTLD_NOW;
[INFO] [stdout]    |
[INFO] [stdout] 
[INFO] [stdout] 
[INFO] [stdout] error[E0425]: cannot find value `RTLD_GLOBAL` in module `posix`
[INFO] [stdout]   --> /opt/rustwide/cargo-home/registry/src/github.com-1ecc6299db9ec823/libloading-0.6.3/src/os/unix/consts.rs:38:39
[INFO] [stdout]    |
[INFO] [stdout] 38 | pub const RTLD_GLOBAL: c_int = posix::RTLD_GLOBAL;
[INFO] [stdout]    |                                       ^^^^^^^^^^^ not found in `posix`
[INFO] [stdout]    |
[INFO] [stdout] help: consider importing this constant
[INFO] [stdout]    |
[INFO] [stdout] 1  | use imp::RTLD_GLOBAL;
[INFO] [stdout]    |
[INFO] [stdout] 
[INFO] [stdout] 
[INFO] [stdout] error[E0425]: cannot find value `RTLD_LOCAL` in module `posix`
[INFO] [stdout]   --> /opt/rustwide/cargo-home/registry/src/github.com-1ecc6299db9ec823/libloading-0.6.3/src/os/unix/consts.rs:44:38
[INFO] [stdout]    |
[INFO] [stdout] 44 | pub const RTLD_LOCAL: c_int = posix::RTLD_LOCAL;
[INFO] [stdout]    |                                      ^^^^^^^^^^ not found in `posix`
[INFO] [stdout]    |
[INFO] [stdout] help: consider importing this constant
[INFO] [stdout]    |
[INFO] [stdout] 1  | use imp::RTLD_LOCAL;
[INFO] [stdout]    |
[INFO] [stdout] 
[INFO] [stdout] 
[INFO] [stdout] error: aborting due to 8 previous errors
[INFO] [stdout] 
[INFO] [stdout] 
[INFO] [stdout] For more information about this error, try `rustc --explain E0425`.
[INFO] [stdout] 
[INFO] [stderr] error: could not compile `libloading`.
[INFO] [stderr] 
[INFO] [stderr] To learn more, run the command again with --verbose.
[INFO] [stderr] warning: build failed, waiting for other jobs to finish...
[INFO] [stderr] error: build failed
[INFO] running `Command { std: "docker" "inspect" "2e58ad0f8b3dc481509c8406bee10e360f14c62638f07dfc9e40c974089c6a61", kill_on_drop: false }`
[INFO] running `Command { std: "docker" "rm" "-f" "2e58ad0f8b3dc481509c8406bee10e360f14c62638f07dfc9e40c974089c6a61", kill_on_drop: false }`
[INFO] [stdout] 2e58ad0f8b3dc481509c8406bee10e360f14c62638f07dfc9e40c974089c6a61
